ivisor of w and 50.
10
Let i(c) be the second derivative of c**4/12 + c**3/2 + 4*c**2 + 3*c. Let u be i(-6). Let h = 103 - u. Calculate the highest common factor of h and 11.
11
Suppose 543 = 4*m - 217. What is the greatest common divisor of m and 5?
5
Let u(l) = 4*l**3 - l**2 - 2*l + 7. Let r = 1 + 2. Let i be u(r). Suppose 5*s + 35 = 3*n, s + 9 = n - 6. What is the highest common factor of n and i?
20
Let b be 9/(-4)*(-60)/9. Suppose 4*c - p - b = 0, 2*c + 0*p = -p + 15. Suppose 139 + 81 = c*w. Calculate the greatest common divisor of 11 and w.
11
Suppose -y + 50 = -4*y + 4*x, -5*y + 4*x = 86. Let m = y + 29. What is the highest common divisor of m and 11?
11
Let n(i) be the first derivative of 3*i**2/2 + 33*i + 46. Let z be n(-7). What is the highest common factor of 108 and z?
12
Let y be (162/10)/(3/45). Let k be y/15 - 1/5. Let g be (4 + -4)/3 + k. Calculate the highest common divisor of 80 and g.
16
Suppose -2*c + 1 = 3. Let s be (-2 + c)*(-6)/9. Let y(g) = 28*g**3. Let w be y(s). What is the greatest common factor of w and 32?
32
Suppose 0 = 1301*w - 1292*w - 1188. Calculate the highest common factor of w and 16.
4
Let m(l) = -l**3 - 8*l**2 - l - 7. Let g = -2 + -6. Let w be m(g). Let a be ((-40)/2)/(w - 3). Calculate the highest common factor of 80 and a.
10
Let u be (-3)/(-6) + (-70)/(-4). Suppose 0 = 2*h + 3*h - 35. Let b(v) = -2*v**2 + 13*v + 9. Let y be b(h). Calculate the greatest common factor of y and u.
2
Let s be -6 + -12 + 6 + 12. Let l = -8 - -17. Let f = l + s. What is the highest common divisor of f and 18?
9
Suppose -7*o - 19 = -110. Let r be 6/(-2) + (2 - -14). What is the highest common divisor of r and o?
13
Suppose 2*p - 3*p = 3. Let d be (6 - p/(-1))*24/9. Let m = -208 + 296. Calculate the greatest common factor of d and m.
8
Let o be 110 + 2 + (-1 - -2) + 3. Let d = o - -55. What is the greatest common factor of d and 19?
19
Let b = -12 - -37. Let z(v) = v. Let m(t) = -t**2 + 24*t + 38. Let k(u) = -m(u) + 6*z(u). Let o be k(21). Calculate the highest common factor of b and o.
25
Suppose -9*b = 33*b - 714. What is the greatest common factor of 425 and b?
17
Suppose 2*v + 18 = 6*w - 2*w, 5*w = -4*v + 29. Let t be ((-1)/2)/((-2)/36). What is the highest common factor of t and v?
1
Let k be (7 + -6)/((-26)/(-12) + -2). Let r(b) = b**3 + 7*b**2 - 2*b - 2. Let a be r(-7). Calculate the highest common divisor of a and k.
6
Let v = 76 + -123. Let w = -30 - v. Let x(g) = -16*g - 12. Let i be x(-5). Calculate the greatest common divisor of w and i.
17
Let n be (-4)/(-26) - (-5614)/182. What is the highest common divisor of n and 31?
31
Let u be 4*1 - 0/5. Suppose -u = -3*r + 5. Let h be (-322)/(-46) - (1 + -27). Calculate the highest common factor of r and h.
3
Suppose -11*o = -35*o + 2400. Calculate the greatest common divisor of 250 and o.
50
Let q(z) = z**2 - 1. Let g(k) = 17*k**2 + 2*k + 5. Let n(x) = g(x) + 3*q(x). Let c be n(-1). Calculate the highest common divisor of c and 10.
10
Let c = 15397 - 10765. What is the greatest common factor of c and 24?
24
Suppose 21*d + 528 = 32*d. What is the greatest common factor of 3 and d?
3
Suppose -q + v + v = -80, -3*v = 15. Let d = -1704 + 1714. Calculate the highest common divisor of d and q.
10
Let b = -14 + 32. What is the highest common divisor of b and 12?
6
Suppose 1 = -4*m - 7. Let x = m + 7. Suppose 5*q + f = 15 + 18, 3*q = -x*f + 33. What is the highest common divisor of 48 and q?
6
Let d be -1 - 1 - -3 - -3. Suppose -2*l + 147 = -d*u + u, -3*u = l - 78. Let v be (-12)/18*l/(-2). Calculate the highest common factor of v and 75.
25
Let u = -1014 + 461. Let r = -315 - u. Calculate the greatest common divisor of r and 34.
34
Let y be 4/((-6)/3 + 4). Suppose 0 = 16*j - 268 + 108. Calculate the highest common divisor of j and y.
2
Let t(w) = 118*w + 7. Let q be t(2). Calculate the greatest common divisor of q and 54.
27
Let h(d) = -4 - 8*d + 7*d + 17*d. Let i be h(5). What is the greatest common factor of 38 and i?
38
Let z = -680 + 704. What is the highest common divisor of 1032 and z?
24
Suppose -33 = -3*s + 3*r, -3*r + 50 - 3 = 5*s. Calculate the greatest common divisor of s and 190.
10
Let q(d) = d + 4. Let a be q(3). Let w be (1 - 2)/(a/(-105)). Calculate the highest common divisor of 75 and w.
15
Suppose 25 = -y + 47. Let d be ((-99)/y)/((-1)/108). What is the highest common divisor of d and 54?
54
Suppose 11 + 1 = f. Let m(j) = 16*j - 2*j**2 + 2*j**2 - j**2. Let l be m(f). Calculate the highest common factor of 12 and l.
12
Suppose -1 = 13*a - 14*a. Suppose 2*b = -0*b + 16. What is the highest common factor of a and b?
1
Let m = -26 - -23. Let g be 8/m*594/(-12). Calculate the highest common factor of 12 and g.
12
Suppose -74 = -3*i + 6*n - n, 3*i + 3*n = 42. Suppose 0 = -6*g + 8 + 4. What is the greatest common divisor of g and i?
2
Suppose -34 - 16 = -5*f. Let r = -18 + f. Let n be 6 + 0 - 3 - r. What is the highest common divisor of n and 55?
11
Let x be (2/(-4))/((-2)/268). Suppose 0 = -3*f + d + x, -4*f = -f + d - 77. Let r = -7 + 19. What is the highest common factor of r and f?
12
Let o(c) = c**2 + 10*c - 260. Let q be o(25). What is the greatest common factor of q and 41?
41
Suppose x - 403 = 4*p, 0 = p + 4*x + 61 + 27. Let g = -64 - p. Calculate the highest common factor of 27 and g.
9
Let c = -1452 - -1522. Let t = -39 + 67. Calculate the greatest common factor of t and c.
14
Let q(c) = c - 1. Let a be q(8). Let h be (-108)/(-21)*a/2. Calculate the highest common factor of h and 12.
6
Let o(h) = -12*h**2 + 5*h + 4. Let c be o(-1). Let k be 4105/65 + 2/c. What is the highest common factor of k and 21?
21
Suppose 13*g = -6*g + 39121. Calculate the highest common divisor of g and 58.
29
Suppose 3*l + 3*n = 5*l - 26, -26 = -2*l + 5*n. Suppose -3 = 12*a - l*a. Calculate the greatest common divisor of a and 1.
1
Let k = -2889 - -2914. Calculate the highest common factor of k and 40.
5
Let q(d) = 2*d**2 - 5*d + 17. Let k be q(7). Calculate the greatest common factor of k and 10.
10
Let m(g) = 2*g**2 - g. Suppose 11 - 7 = 4*r. Let c be m(r). Let y(l) = l**2 + 6*l. Let w be y(-7). What is the highest common divisor of c and w?
1
Let g(n) = -7 + 2*n**3 + 13 - 3*n**3. Let q be g(0). What is the highest common factor of 18 and q?
6
Let w = -38 - -53. Suppose 2*u + 73 = 3*u. Let c = 103 - u. Calculate the greatest common factor of w and c.
15
Let w(a) = -a**3 + 15*a**2 - 13*a + 25. Let d be w(14). Calculate the highest common divisor of d and 26.
13
Suppose -m = 3*m - 104. Let i(c) = 33*c - 1. Suppose -2*l - 18 + 22 = 0. Let x be i(l). Calculate the greatest common divisor of m and x.
13
Suppose 300 = 6*f - f. Let p be 2/(-16) + (-1687)/(-56). What is the highest common divisor of f and p?
30
Let a be 28/(4 + 4 - 6). What is the greatest common divisor of a and 322?
14
Let s be -2 - (-196 - -3)*1. Suppose -t - 2*t - 4*i = -s, t - 2*i - 77 = 0. Suppose 2*d - 45 = 47. Calculate the greatest common divisor of t and d.
23
Suppose 0 = -10*f + 12*f - 2*a - 2, -3*f - 13 = a. Let n be f/(2/((-102)/105) + 2). Calculate the highest common factor of 17 and n.
17
Let u = -2143 + 4625. Calculate the greatest common divisor of u and 146.
146
Let z be (-42)/9*6/(-4)*5. What is the greatest common divisor of z and 35?
35
Suppose -10*n = -4*n - 1128. Suppose -395 - 169 = -12*s. What is the highest common factor of n and s?
47
Let d(z) = 3*z**3 + 3*z**2 + 3*z - 2. Let v be d(4). Let u(x) = -19*x - 1514. Let k be u(-81). Calculate the highest common factor of v and k.
25
Let h be 86/6 + 15/(-45) + -1. What is the highest common divisor of h and 325?
13
Suppose 0 = -467*l + 465*l + 264. What is the greatest common divisor of l and 1254?
66
Let y be (-391)/(-8) - 66/(-528). What is the highest common divisor of y and 98?
49
Let x = 79 - 16. Suppose 4*z = 4, 0 = -y + 2*z + 3*z - 4. Let o(n) = 8*n + 1. Let v be o(y). What is the highest common divisor of v and x?
9
Let c(t) = 2*t**2 - 3*t + 2. Let y be c(4). Calculate the greatest common factor of 187 and y.
11
Let k = 30 + 95. What is the greatest common divisor of k and 5?
5
Let y be -5 + ((-73)/(-2))/((-1)/(-2)). Calculate the highest common factor of y and 136.
68
Let j(r) = -r**3 + 21*r**2 - 51*r - 9. Let n be j(12). Calculate the h